{"id":14529,"date":"2023-06-15T00:55:17","date_gmt":"2023-06-15T00:55:17","guid":{"rendered":"https:\/\/manufacturer.gastac.com\/?post_type=product&#038;p=14529"},"modified":"2023-07-12T01:38:07","modified_gmt":"2023-07-12T01:38:07","slug":"gasdruckfeder-vw-t6-fahrradtraeger","status":"publish","type":"product","link":"https:\/\/manufacturer.gastac.com\/de\/produkt\/gasdruckfeder-vw-t6-fahrradtraeger\/","title":{"rendered":"Gasdruckfeder VW T6 Fahrradtr\u00e4ger"},"content":{"rendered":"<p><strong>Gasdruckfeder VW T6 Fahrradtr\u00e4ger<\/strong><\/p>\n<p>gasdruckfeder vw t6 fahrradtr\u00e4ger\u00a0\/ VW T6 Gasfeder 1400n<\/p>\n<p>Perfekt zur Montage eines Fahrradtr\u00e4gers oder beispielsweise unserer Heckklappenabdeckung \u201eChair Garage\u201c. Die zus\u00e4tzliche Kompression der\u00a0Gasdruckfeder VW T6\u00a0Fahrradtr\u00e4ger gleicht das zus\u00e4tzliche Gewicht des Aufsatzes aus, sodass sich die Heckklappe weiterhin problemlos \u00f6ffnen und schlie\u00dfen l\u00e4sst.<\/p>\n<p>Originale Gasdruckfeder VW T6\u00a0(Gasfeder)<\/p>\n<p>F\u00fcr Fahrzeuge mit eingebauter Moby Van \u201eStuhlgarage\u201c<\/p>\n<p>Geeignet f\u00fcr Fahrzeuge mit und ohne Fahrradtr\u00e4ger<\/p>\n<p>f\u00fcr Fahrzeuge mit Doppelverglasung\/Sichtschutzverglasung\/Isolierverglasung<\/p>\n<p>VW T6 Gasdruckfeder verst\u00e4rkt: 1400Nm<\/p>\n<p>&nbsp;<\/p>\n<p>Lieferumfang: 1 Satz = 2 Gasfedern<\/p>\n<p>Gilt f\u00fcr folgende Fahrzeuge:<\/p>\n<p>Volkswagen T6, 2016 &#8211; 2019<\/p>\n<p>Volkswagen T6.1 (Facelift), ab 2020<\/p>\n<p>&nbsp;<\/p>\n<p>&nbsp;<\/p>\n<div><\/div>\n<div><strong>Gasdruckfede Anwendung<\/strong><\/div>\n<div><\/div>\n<div><img loading=\"lazy\" decoding=\"async\" class=\"alignnone size-medium wp-image-14530\" src=\"https:\/\/manufacturer.gastac.com\/wp-content\/uploads\/2023\/06\/gasdruckfeder-vw-t6-fahrradtrager-441x400.png\" alt=\"\" width=\"441\" height=\"400\" srcset=\"https:\/\/manufacturer.gastac.com\/wp-content\/uploads\/2023\/06\/gasdruckfeder-vw-t6-fahrradtrager-441x400.png 441w, https:\/\/manufacturer.gastac.com\/wp-content\/uploads\/2023\/06\/gasdruckfeder-vw-t6-fahrradtrager-768x697.png 768w, https:\/\/manufacturer.gastac.com\/wp-content\/uploads\/2023\/06\/gasdruckfeder-vw-t6-fahrradtrager-600x544.png 600w, https:\/\/manufacturer.gastac.com\/wp-content\/uploads\/2023\/06\/gasdruckfeder-vw-t6-fahrradtrager.png 849w\" sizes=\"auto, (max-width: 441px) 100vw, 441px\" \/> <img loading=\"lazy\" decoding=\"async\" class=\"alignnone size-medium wp-image-14532\" src=\"https:\/\/manufacturer.gastac.com\/wp-content\/uploads\/2023\/06\/gasdruckfeder-vw-t6-389x400.png\" alt=\"\" width=\"389\" height=\"400\" srcset=\"https:\/\/manufacturer.gastac.com\/wp-content\/uploads\/2023\/06\/gasdruckfeder-vw-t6-389x400.png 389w, https:\/\/manufacturer.gastac.com\/wp-content\/uploads\/2023\/06\/gasdruckfeder-vw-t6-600x618.png 600w, https:\/\/manufacturer.gastac.com\/wp-content\/uploads\/2023\/06\/gasdruckfeder-vw-t6.png 751w\" sizes=\"auto, (max-width: 389px) 100vw, 389px\" \/><\/div>\n<div><\/div>\n<div><\/div>\n<p>&nbsp;<\/p>\n<p>&nbsp;<\/p>\n<p>&nbsp;<\/p>\n<p style=\"text-align: center;\">\n","protected":false},"excerpt":{"rendered":"<p>Gasdruckfeder VW T6 Fahrradtr\u00e4ger gasdruckfeder vw t6 fahrradtr\u00e4ger\u00a0\/ VW T6 Gasfeder 1400n Perfekt zur Montage eines Fahrradtr\u00e4gers oder beispielsweise unserer Heckklappenabdeckung \u201eChair Garage\u201c. Die zus\u00e4tzliche Kompression der\u00a0Gasdruckfeder VW T6\u00a0Fahrradtr\u00e4ger gleicht das zus\u00e4tzliche Gewicht des Aufsatzes aus, sodass sich die Heckklappe weiterhin problemlos \u00f6ffnen und schlie\u00dfen l\u00e4sst. Originale Gasdruckfeder VW T6\u00a0(Gasfeder) F\u00fcr Fahrzeuge mit eingebauter Moby [&#8230;]\n","protected":false},"featured_media":14224,"comment_status":"open","ping_status":"closed","template":"","meta":[],"product_brand":[],"product_cat":[189],"product_tag":[],"class_list":["post-14529","product","type-product","status-publish","has-post-thumbnail","product_cat-auto-gasdruckfeder","first","instock","shipping-taxable","product-type-simple"],"aioseo_notices":[],"_links":{"self":[{"href":"https:\/\/manufacturer.gastac.com\/de\/wp-json\/wp\/v2\/product\/14529","targetHints":{"allow":["GET"]}}],"collection":[{"href":"https:\/\/manufacturer.gastac.com\/de\/wp-json\/wp\/v2\/product"}],"about":[{"href":"https:\/\/manufacturer.gastac.com\/de\/wp-json\/wp\/v2\/types\/product"}],"replies":[{"embeddable":true,"href":"https:\/\/manufacturer.gastac.com\/de\/wp-json\/wp\/v2\/comments?post=14529"}],"wp:featuredmedia":[{"embeddable":true,"href":"https:\/\/manufacturer.gastac.com\/de\/wp-json\/wp\/v2\/media\/14224"}],"wp:attachment":[{"href":"https:\/\/manufacturer.gastac.com\/de\/wp-json\/wp\/v2\/media?parent=14529"}],"wp:term":[{"taxonomy":"product_brand","embeddable":true,"href":"https:\/\/manufacturer.gastac.com\/de\/wp-json\/wp\/v2\/product_brand?post=14529"},{"taxonomy":"product_cat","embeddable":true,"href":"https:\/\/manufacturer.gastac.com\/de\/wp-json\/wp\/v2\/product_cat?post=14529"},{"taxonomy":"product_tag","embeddable":true,"href":"https:\/\/manufacturer.gastac.com\/de\/wp-json\/wp\/v2\/product_tag?post=14529"}],"curies":[{"name":"wp","href":"https:\/\/api.w.org\/{rel}","templated":true}]}}

Gasdruckfeder VW T6 Fahrradträger

<p><strong>Gasdruckfeder VW T6 Fahrradträger</strong></p>
<p>gasdruckfeder vw t6 fahrradträger / VW T6 Gasfeder 1400n</p>
<p>Perfekt zur Montage eines Fahrradträgers oder beispielsweise unserer Heckklappenabdeckung „Chair Garage“. Die zusätzliche Kompression der Gasdruckfeder VW T6 Fahrradträger gleicht das zusätzliche Gewicht des Aufsatzes aus, sodass sich die Heckklappe weiterhin problemlos öffnen und schließen lässt.</p>
<p>Originale Gasdruckfeder VW T6 (Gasfeder)</p>
<p>Für Fahrzeuge mit eingebauter Moby Van „Stuhlgarage“</p>
<p>Geeignet für Fahrzeuge mit und ohne Fahrradträger</p>
<p>für Fahrzeuge mit Doppelverglasung/Sichtschutzverglasung/Isolierverglasung</p>
<p>VW T6 Gasdruckfeder verstärkt: 1400Nm</p>
<p>&nbsp;</p>
<p>Lieferumfang: 1 Satz = 2 Gasfedern</p>
<p>Gilt für folgende Fahrzeuge:</p>
<p>Volkswagen T6, 2016 &#8211; 2019</p>
<p>Volkswagen T6.1 (Facelift), ab 2020</p>
<p>&nbsp;</p>
<p>&nbsp;</p>
<div></div>
<div><strong>Gasdruckfede Anwendung</strong></div>
<div></div>
<div><img loading="lazy" decoding="async" class="alignnone size-medium wp-image-14530" src="https://manufacturer.gastac.com/wp-content/uploads/2023/06/gasdruckfeder-vw-t6-fahrradtrager-441x400.png" alt="" width="441" height="400" srcset="https://manufacturer.gastac.com/wp-content/uploads/2023/06/gasdruckfeder-vw-t6-fahrradtrager-441x400.png 441w, https://manufacturer.gastac.com/wp-content/uploads/2023/06/gasdruckfeder-vw-t6-fahrradtrager-768x697.png 768w, https://manufacturer.gastac.com/wp-content/uploads/2023/06/gasdruckfeder-vw-t6-fahrradtrager-600x544.png 600w, https://manufacturer.gastac.com/wp-content/uploads/2023/06/gasdruckfeder-vw-t6-fahrradtrager.png 849w" sizes="auto, (max-width: 441px) 100vw, 441px" /> <img loading="lazy" decoding="async" class="alignnone size-medium wp-image-14532" src="https://manufacturer.gastac.com/wp-content/uploads/2023/06/gasdruckfeder-vw-t6-389x400.png" alt="" width="389" height="400" srcset="https://manufacturer.gastac.com/wp-content/uploads/2023/06/gasdruckfeder-vw-t6-389x400.png 389w, https://manufacturer.gastac.com/wp-content/uploads/2023/06/gasdruckfeder-vw-t6-600x618.png 600w, https://manufacturer.gastac.com/wp-content/uploads/2023/06/gasdruckfeder-vw-t6.png 751w" sizes="auto, (max-width: 389px) 100vw, 389px" /></div>
<div></div>
<div></div>
<p>&nbsp;</p>
<p>&nbsp;</p>
<p>&nbsp;</p>
<p style="text-align: center;">

<p>Gasdruckfeder VW T6 Fahrradträger gasdruckfeder vw t6 fahrradträger / VW T6 Gasfeder 1400n Perfekt zur Montage eines Fahrradträgers oder beispielsweise unserer Heckklappenabdeckung „Chair Garage“. Die zusätzliche Kompression der Gasdruckfeder VW T6 Fahrradträger gleicht das zusätzliche Gewicht des Aufsatzes aus, sodass sich die Heckklappe weiterhin problemlos öffnen und schließen lässt. Originale Gasdruckfeder VW T6 (Gasfeder) Für Fahrzeuge mit eingebauter Moby [&#8230;]
