{"id":14534,"date":"2023-06-15T01:05:22","date_gmt":"2023-06-15T01:05:22","guid":{"rendered":"https:\/\/manufacturer.gastac.com\/?post_type=product&#038;p=14534"},"modified":"2023-07-12T01:36:31","modified_gmt":"2023-07-12T01:36:31","slug":"gasdruckfedern-fuer-frontklappe-bmw","status":"publish","type":"product","link":"https:\/\/manufacturer.gastac.com\/de\/produkt\/gasdruckfedern-fuer-frontklappe-bmw\/","title":{"rendered":"Gasdruckfedern f\u00fcr Frontklappe BMW"},"content":{"rendered":"<p><strong>Gasdruckfedern f\u00fcr Frontklappe BMW<\/strong><\/p>\n<p>Produktbeschreibung<\/p>\n<p>Diese Ersatzteile Gasdruckfedern f\u00fcr Frontklappe BMW<\/p>\n<p>Im Allgemeinen bekannt als Gasdruckfedern, Kofferraumfedern, Heckklappenfedern, Tonneau-Abdeckungshalterungen, Federschw\u00e4nze, Gasdruckfedern, Federn, Streben, Halterungen &#8230; welchen Namen Sie auch w\u00e4hlen, sie helfen beim Anheben und St\u00fctzen der Heckverkleidung.<\/p>\n<p>&nbsp;<\/p>\n<p><img loading=\"lazy\" decoding=\"async\" class=\"alignnone size-medium wp-image-23421\" src=\"https:\/\/manufacturer.gastac.com\/wp-content\/uploads\/2023\/06\/verstarkte-dampfer-heckklappe-t6-400x400.jpg\" alt=\"\" width=\"400\" height=\"400\" srcset=\"https:\/\/manufacturer.gastac.com\/wp-content\/uploads\/2023\/06\/verstarkte-dampfer-heckklappe-t6-400x400.jpg 400w, https:\/\/manufacturer.gastac.com\/wp-content\/uploads\/2023\/06\/verstarkte-dampfer-heckklappe-t6-280x280.jpg 280w, https:\/\/manufacturer.gastac.com\/wp-content\/uploads\/2023\/06\/verstarkte-dampfer-heckklappe-t6-300x300.jpg 300w, https:\/\/manufacturer.gastac.com\/wp-content\/uploads\/2023\/06\/verstarkte-dampfer-heckklappe-t6-100x100.jpg 100w, https:\/\/manufacturer.gastac.com\/wp-content\/uploads\/2023\/06\/verstarkte-dampfer-heckklappe-t6.jpg 600w\" sizes=\"auto, (max-width: 400px) 100vw, 400px\" \/> <img loading=\"lazy\" decoding=\"async\" class=\"alignnone size-medium wp-image-23417\" src=\"https:\/\/manufacturer.gastac.com\/wp-content\/uploads\/2023\/06\/vw-t6-heckklappe-dampfer-2-400x400.jpg\" alt=\"\" width=\"400\" height=\"400\" srcset=\"https:\/\/manufacturer.gastac.com\/wp-content\/uploads\/2023\/06\/vw-t6-heckklappe-dampfer-2-400x400.jpg 400w, https:\/\/manufacturer.gastac.com\/wp-content\/uploads\/2023\/06\/vw-t6-heckklappe-dampfer-2-280x280.jpg 280w, https:\/\/manufacturer.gastac.com\/wp-content\/uploads\/2023\/06\/vw-t6-heckklappe-dampfer-2-300x300.jpg 300w, https:\/\/manufacturer.gastac.com\/wp-content\/uploads\/2023\/06\/vw-t6-heckklappe-dampfer-2-100x100.jpg 100w, https:\/\/manufacturer.gastac.com\/wp-content\/uploads\/2023\/06\/vw-t6-heckklappe-dampfer-2.jpg 600w\" sizes=\"auto, (max-width: 400px) 100vw, 400px\" \/><\/p>\n<p>Qualit\u00e4tsaussage:<\/p>\n<p>Alle unsere Teile erf\u00fcllen oder \u00fcbertreffen die Spezifikationen und Standards aller Hersteller.<\/p>\n<p>Montageanleitungen.<\/p>\n<p>BITTE BEACHTEN: Es ist wichtig, die Seiten vor dem Einbau der Gasdruckfeder BMW\u00a0zu entfernen, da es zwischen den Herstellern h\u00e4ufig geringf\u00fcgige Unterschiede gibt.<\/p>\n<ol>\n<li>Da die Heckklappe ohne zwei Luftst\u00fctzen nicht getragen werden kann, wird dringend empfohlen, beim Austausch des alten Teils jemanden zu bitten, sie zu st\u00fctzen.<\/li>\n<li>L\u00f6sen Sie die Anschlagfeder mit einem kleinen Schlitzschraubendreher. Es ist nicht erforderlich, die Feder zu entfernen. L\u00f6sen oder lockern Sie einfach die Strebe und ziehen Sie sie von ihrer Befestigungsschraube weg.<\/li>\n<li>Wiederholen Sie den Vorgang am anderen Ende.<\/li>\n<li>Entfernen Sie das andere Ende der Seitenhalterung.<\/li>\n<li>Dr\u00fccken Sie einfach die oberen und unteren Montagesockel fest, um die neue Halterung zu installieren. Die Feder muss nicht gel\u00f6st werden, sie muss nur hineingedr\u00fcckt werden.<\/li>\n<li>Ihr Assistent muss m\u00f6glicherweise den Kofferraumdeckel anheben oder absenken, um die neue Halterung richtig zu positionieren.<\/li>\n<\/ol>\n<p>BMW-Serienmodelle wie: motorhaubend\u00e4mpfer mini t\u00fcv, Sie k\u00f6nnen den OEM-Code angeben, wir helfen Ihnen bei Bedarf weiter, senden Sie uns bitte eine E-Mail.<\/p>\n<p>&nbsp;<\/p>\n<p>&nbsp;<\/p>\n<p><img loading=\"lazy\" decoding=\"async\" class=\"alignnone size-full wp-image-23101\" src=\"https:\/\/manufacturer.gastac.com\/wp-content\/uploads\/2023\/06\/Gasdruckdampfer-100-kg.png\" alt=\"\" width=\"600\" height=\"192\" \/><\/p>\n<div><\/div>\n<div><strong>Gasdruckfede Anwendung<\/strong><\/div>\n<div><\/div>\n<div><\/div>\n<div>\u00a0<img loading=\"lazy\" decoding=\"async\" class=\"alignnone size-medium wp-image-14537\" src=\"https:\/\/manufacturer.gastac.com\/wp-content\/uploads\/2023\/06\/motorhaubendampfer-mini-tuv.jpg\" alt=\"\" width=\"374\" height=\"324\" \/><img loading=\"lazy\" decoding=\"async\" class=\"alignnone wp-image-23138\" src=\"https:\/\/manufacturer.gastac.com\/wp-content\/uploads\/2023\/06\/gasdruckfedern-fur-frontklappe-bmw-404x400.png\" alt=\"\" width=\"340\" height=\"324\" \/><\/div>\n<div><\/div>\n<div><\/div>\n<p>&nbsp;<\/p>\n<p>&nbsp;<\/p>\n<p>&nbsp;<\/p>\n<p style=\"text-align: center;\">\n","protected":false},"excerpt":{"rendered":"<p>Gasdruckfedern f\u00fcr Frontklappe BMW Produktbeschreibung Diese Ersatzteile Gasdruckfedern f\u00fcr Frontklappe BMW Im Allgemeinen bekannt als Gasdruckfedern, Kofferraumfedern, Heckklappenfedern, Tonneau-Abdeckungshalterungen, Federschw\u00e4nze, Gasdruckfedern, Federn, Streben, Halterungen &#8230; welchen Namen Sie auch w\u00e4hlen, sie helfen beim Anheben und St\u00fctzen der Heckverkleidung. &nbsp; Qualit\u00e4tsaussage: Alle unsere Teile erf\u00fcllen oder \u00fcbertreffen die Spezifikationen und Standards aller Hersteller. Montageanleitungen. BITTE BEACHTEN: [&#8230;]\n","protected":false},"featured_media":14200,"comment_status":"open","ping_status":"closed","template":"","meta":[],"product_brand":[],"product_cat":[189],"product_tag":[],"class_list":["post-14534","product","type-product","status-publish","has-post-thumbnail","product_cat-auto-gasdruckfeder","first","instock","shipping-taxable","product-type-simple"],"aioseo_notices":[],"_links":{"self":[{"href":"https:\/\/manufacturer.gastac.com\/de\/wp-json\/wp\/v2\/product\/14534","targetHints":{"allow":["GET"]}}],"collection":[{"href":"https:\/\/manufacturer.gastac.com\/de\/wp-json\/wp\/v2\/product"}],"about":[{"href":"https:\/\/manufacturer.gastac.com\/de\/wp-json\/wp\/v2\/types\/product"}],"replies":[{"embeddable":true,"href":"https:\/\/manufacturer.gastac.com\/de\/wp-json\/wp\/v2\/comments?post=14534"}],"wp:featuredmedia":[{"embeddable":true,"href":"https:\/\/manufacturer.gastac.com\/de\/wp-json\/wp\/v2\/media\/14200"}],"wp:attachment":[{"href":"https:\/\/manufacturer.gastac.com\/de\/wp-json\/wp\/v2\/media?parent=14534"}],"wp:term":[{"taxonomy":"product_brand","embeddable":true,"href":"https:\/\/manufacturer.gastac.com\/de\/wp-json\/wp\/v2\/product_brand?post=14534"},{"taxonomy":"product_cat","embeddable":true,"href":"https:\/\/manufacturer.gastac.com\/de\/wp-json\/wp\/v2\/product_cat?post=14534"},{"taxonomy":"product_tag","embeddable":true,"href":"https:\/\/manufacturer.gastac.com\/de\/wp-json\/wp\/v2\/product_tag?post=14534"}],"curies":[{"name":"wp","href":"https:\/\/api.w.org\/{rel}","templated":true}]}}

Gasdruckfedern für Frontklappe BMW

<p><strong>Gasdruckfedern für Frontklappe BMW</strong></p>
<p>Produktbeschreibung</p>
<p>Diese Ersatzteile Gasdruckfedern für Frontklappe BMW</p>
<p>Im Allgemeinen bekannt als Gasdruckfedern, Kofferraumfedern, Heckklappenfedern, Tonneau-Abdeckungshalterungen, Federschwänze, Gasdruckfedern, Federn, Streben, Halterungen &#8230; welchen Namen Sie auch wählen, sie helfen beim Anheben und Stützen der Heckverkleidung.</p>
<p>&nbsp;</p>
<p><img loading="lazy" decoding="async" class="alignnone size-medium wp-image-23421" src="https://manufacturer.gastac.com/wp-content/uploads/2023/06/verstarkte-dampfer-heckklappe-t6-400x400.jpg" alt="" width="400" height="400" srcset="https://manufacturer.gastac.com/wp-content/uploads/2023/06/verstarkte-dampfer-heckklappe-t6-400x400.jpg 400w, https://manufacturer.gastac.com/wp-content/uploads/2023/06/verstarkte-dampfer-heckklappe-t6-280x280.jpg 280w, https://manufacturer.gastac.com/wp-content/uploads/2023/06/verstarkte-dampfer-heckklappe-t6-300x300.jpg 300w, https://manufacturer.gastac.com/wp-content/uploads/2023/06/verstarkte-dampfer-heckklappe-t6-100x100.jpg 100w, https://manufacturer.gastac.com/wp-content/uploads/2023/06/verstarkte-dampfer-heckklappe-t6.jpg 600w" sizes="auto, (max-width: 400px) 100vw, 400px" /> <img loading="lazy" decoding="async" class="alignnone size-medium wp-image-23417" src="https://manufacturer.gastac.com/wp-content/uploads/2023/06/vw-t6-heckklappe-dampfer-2-400x400.jpg" alt="" width="400" height="400" srcset="https://manufacturer.gastac.com/wp-content/uploads/2023/06/vw-t6-heckklappe-dampfer-2-400x400.jpg 400w, https://manufacturer.gastac.com/wp-content/uploads/2023/06/vw-t6-heckklappe-dampfer-2-280x280.jpg 280w, https://manufacturer.gastac.com/wp-content/uploads/2023/06/vw-t6-heckklappe-dampfer-2-300x300.jpg 300w, https://manufacturer.gastac.com/wp-content/uploads/2023/06/vw-t6-heckklappe-dampfer-2-100x100.jpg 100w, https://manufacturer.gastac.com/wp-content/uploads/2023/06/vw-t6-heckklappe-dampfer-2.jpg 600w" sizes="auto, (max-width: 400px) 100vw, 400px" /></p>
<p>Qualitätsaussage:</p>
<p>Alle unsere Teile erfüllen oder übertreffen die Spezifikationen und Standards aller Hersteller.</p>
<p>Montageanleitungen.</p>
<p>BITTE BEACHTEN: Es ist wichtig, die Seiten vor dem Einbau der Gasdruckfeder BMW zu entfernen, da es zwischen den Herstellern häufig geringfügige Unterschiede gibt.</p>
<ol>
<li>Da die Heckklappe ohne zwei Luftstützen nicht getragen werden kann, wird dringend empfohlen, beim Austausch des alten Teils jemanden zu bitten, sie zu stützen.</li>
<li>Lösen Sie die Anschlagfeder mit einem kleinen Schlitzschraubendreher. Es ist nicht erforderlich, die Feder zu entfernen. Lösen oder lockern Sie einfach die Strebe und ziehen Sie sie von ihrer Befestigungsschraube weg.</li>
<li>Wiederholen Sie den Vorgang am anderen Ende.</li>
<li>Entfernen Sie das andere Ende der Seitenhalterung.</li>
<li>Drücken Sie einfach die oberen und unteren Montagesockel fest, um die neue Halterung zu installieren. Die Feder muss nicht gelöst werden, sie muss nur hineingedrückt werden.</li>
<li>Ihr Assistent muss möglicherweise den Kofferraumdeckel anheben oder absenken, um die neue Halterung richtig zu positionieren.</li>
</ol>
<p>BMW-Serienmodelle wie: motorhaubendämpfer mini tüv, Sie können den OEM-Code angeben, wir helfen Ihnen bei Bedarf weiter, senden Sie uns bitte eine E-Mail.</p>
<p>&nbsp;</p>
<p>&nbsp;</p>
<p><img loading="lazy" decoding="async" class="alignnone size-full wp-image-23101" src="https://manufacturer.gastac.com/wp-content/uploads/2023/06/Gasdruckdampfer-100-kg.png" alt="" width="600" height="192" /></p>
<div></div>
<div><strong>Gasdruckfede Anwendung</strong></div>
<div></div>
<div></div>
<div> <img loading="lazy" decoding="async" class="alignnone size-medium wp-image-14537" src="https://manufacturer.gastac.com/wp-content/uploads/2023/06/motorhaubendampfer-mini-tuv.jpg" alt="" width="374" height="324" /><img loading="lazy" decoding="async" class="alignnone wp-image-23138" src="https://manufacturer.gastac.com/wp-content/uploads/2023/06/gasdruckfedern-fur-frontklappe-bmw-404x400.png" alt="" width="340" height="324" /></div>
<div></div>
<div></div>
<p>&nbsp;</p>
<p>&nbsp;</p>
<p>&nbsp;</p>
<p style="text-align: center;">

<p>Gasdruckfedern für Frontklappe BMW Produktbeschreibung Diese Ersatzteile Gasdruckfedern für Frontklappe BMW Im Allgemeinen bekannt als Gasdruckfedern, Kofferraumfedern, Heckklappenfedern, Tonneau-Abdeckungshalterungen, Federschwänze, Gasdruckfedern, Federn, Streben, Halterungen &#8230; welchen Namen Sie auch wählen, sie helfen beim Anheben und Stützen der Heckverkleidung. &nbsp; Qualitätsaussage: Alle unsere Teile erfüllen oder übertreffen die Spezifikationen und Standards aller Hersteller. Montageanleitungen. BITTE BEACHTEN: [&#8230;]
