{"id":14776,"date":"2023-06-15T08:02:50","date_gmt":"2023-06-15T08:02:50","guid":{"rendered":"https:\/\/manufacturer.gastac.com\/?post_type=product&#038;p=14776"},"modified":"2023-07-12T09:03:38","modified_gmt":"2023-07-12T09:03:38","slug":"kofferraumdeckel-daempfer","status":"publish","type":"product","link":"https:\/\/manufacturer.gastac.com\/de\/produkt\/kofferraumdeckel-daempfer\/","title":{"rendered":"Kofferraumdeckel D\u00e4mpfer"},"content":{"rendered":"<p><strong>Kofferraumdeckel D\u00e4mpfer<\/strong><\/p>\n<div>\n<p>Der Kofferraumdeckel-D\u00e4mpfer ist so konzipiert, dass er komfortabler und m\u00fcheloser auf den Kofferraum des Audi A3 einwirkt. Der D\u00e4mpfer f\u00fcr Kofferraumdeckel ist so konzipiert, dass er den Kofferraumdeckel leicht in beide Richtungen bewegt und offen h\u00e4lt, um das Be- und Entladen oder Arbeiten im Kofferraum zu erleichtern. Wenn sich der Kofferraumdeckel pl\u00f6tzlich \u00f6ffnet, nicht verriegelt oder nur schwer schlie\u00dft, ist der Audi A3 8p Kofferraumd\u00e4mpfer besch\u00e4digt. Jetzt ist es an der Zeit, den Audi A3 Kofferraum-D\u00e4mpfer im Kofferraum Ihres Adui-Autos auszutauschen.<\/p>\n<p>Die Lebensdauer dieser Teile h\u00e4ngt von den Betriebsbedingungen ab. Wird der Kofferraum l\u00e4ngere Zeit nicht genutzt, sollte er langsam und ohne Ziehen ge\u00f6ffnet werden. Andernfalls kann der Federmechanismus besch\u00e4digt werden. Wenn es kalt ist, ist es am besten, den Motor warmlaufen zu lassen, bevor man den Kofferraumdeckel \u00f6ffnet.<\/p>\n<p>Ben\u00f6tigen Sie eine ganz andere Art von Gasfeder? Schreiben Sie uns und wenn m\u00f6glich senden Sie uns ein Foto des gedruckten Modellnamens per E-Mail!<\/p>\n<\/div>\n<div><strong>Gasdruckfede Anwendung<\/strong><\/div>\n<div><\/div>\n<div><img loading=\"lazy\" decoding=\"async\" class=\"alignnone size-medium wp-image-14777\" src=\"https:\/\/manufacturer.gastac.com\/wp-content\/uploads\/2023\/06\/audi-a3-kofferraum-dampfer-443x400.png\" alt=\"\" width=\"443\" height=\"400\" srcset=\"https:\/\/manufacturer.gastac.com\/wp-content\/uploads\/2023\/06\/audi-a3-kofferraum-dampfer-443x400.png 443w, https:\/\/manufacturer.gastac.com\/wp-content\/uploads\/2023\/06\/audi-a3-kofferraum-dampfer-768x693.png 768w, https:\/\/manufacturer.gastac.com\/wp-content\/uploads\/2023\/06\/audi-a3-kofferraum-dampfer-600x541.png 600w, https:\/\/manufacturer.gastac.com\/wp-content\/uploads\/2023\/06\/audi-a3-kofferraum-dampfer.png 858w\" sizes=\"auto, (max-width: 443px) 100vw, 443px\" \/><img loading=\"lazy\" decoding=\"async\" class=\"alignnone size-medium wp-image-14557\" src=\"https:\/\/manufacturer.gastac.com\/wp-content\/uploads\/2023\/06\/gasdruckfeder-g4-12-140-400x400.jpg\" alt=\"\" width=\"400\" height=\"400\" srcset=\"https:\/\/manufacturer.gastac.com\/wp-content\/uploads\/2023\/06\/gasdruckfeder-g4-12-140-400x400.jpg 400w, https:\/\/manufacturer.gastac.com\/wp-content\/uploads\/2023\/06\/gasdruckfeder-g4-12-140-800x800.jpg 800w, https:\/\/manufacturer.gastac.com\/wp-content\/uploads\/2023\/06\/gasdruckfeder-g4-12-140-280x280.jpg 280w, https:\/\/manufacturer.gastac.com\/wp-content\/uploads\/2023\/06\/gasdruckfeder-g4-12-140-768x768.jpg 768w, https:\/\/manufacturer.gastac.com\/wp-content\/uploads\/2023\/06\/gasdruckfeder-g4-12-140-300x300.jpg 300w, https:\/\/manufacturer.gastac.com\/wp-content\/uploads\/2023\/06\/gasdruckfeder-g4-12-140-600x600.jpg 600w, https:\/\/manufacturer.gastac.com\/wp-content\/uploads\/2023\/06\/gasdruckfeder-g4-12-140-100x100.jpg 100w, https:\/\/manufacturer.gastac.com\/wp-content\/uploads\/2023\/06\/gasdruckfeder-g4-12-140.jpg 1000w\" sizes=\"auto, (max-width: 400px) 100vw, 400px\" \/><\/div>\n<div><\/div>\n<div><\/div>\n<p>&nbsp;<\/p>\n<p>&nbsp;<\/p>\n<p>&nbsp;<\/p>\n<p style=\"text-align: center;\">\n","protected":false},"excerpt":{"rendered":"<p>Kofferraumdeckel D\u00e4mpfer Der Kofferraumdeckel-D\u00e4mpfer ist so konzipiert, dass er komfortabler und m\u00fcheloser auf den Kofferraum des Audi A3 einwirkt. Der D\u00e4mpfer f\u00fcr Kofferraumdeckel ist so konzipiert, dass er den Kofferraumdeckel leicht in beide Richtungen bewegt und offen h\u00e4lt, um das Be- und Entladen oder Arbeiten im Kofferraum zu erleichtern. Wenn sich der Kofferraumdeckel pl\u00f6tzlich \u00f6ffnet, [&#8230;]\n","protected":false},"featured_media":14779,"comment_status":"open","ping_status":"closed","template":"","meta":[],"product_brand":[],"product_cat":[187],"product_tag":[],"class_list":["post-14776","product","type-product","status-publish","has-post-thumbnail","product_cat-kofferraum-daempfer","first","instock","shipping-taxable","product-type-simple"],"aioseo_notices":[],"_links":{"self":[{"href":"https:\/\/manufacturer.gastac.com\/de\/wp-json\/wp\/v2\/product\/14776","targetHints":{"allow":["GET"]}}],"collection":[{"href":"https:\/\/manufacturer.gastac.com\/de\/wp-json\/wp\/v2\/product"}],"about":[{"href":"https:\/\/manufacturer.gastac.com\/de\/wp-json\/wp\/v2\/types\/product"}],"replies":[{"embeddable":true,"href":"https:\/\/manufacturer.gastac.com\/de\/wp-json\/wp\/v2\/comments?post=14776"}],"wp:featuredmedia":[{"embeddable":true,"href":"https:\/\/manufacturer.gastac.com\/de\/wp-json\/wp\/v2\/media\/14779"}],"wp:attachment":[{"href":"https:\/\/manufacturer.gastac.com\/de\/wp-json\/wp\/v2\/media?parent=14776"}],"wp:term":[{"taxonomy":"product_brand","embeddable":true,"href":"https:\/\/manufacturer.gastac.com\/de\/wp-json\/wp\/v2\/product_brand?post=14776"},{"taxonomy":"product_cat","embeddable":true,"href":"https:\/\/manufacturer.gastac.com\/de\/wp-json\/wp\/v2\/product_cat?post=14776"},{"taxonomy":"product_tag","embeddable":true,"href":"https:\/\/manufacturer.gastac.com\/de\/wp-json\/wp\/v2\/product_tag?post=14776"}],"curies":[{"name":"wp","href":"https:\/\/api.w.org\/{rel}","templated":true}]}}

Kofferraumdeckel Dämpfer

<p><strong>Kofferraumdeckel Dämpfer</strong></p>
<div>
<p>Der Kofferraumdeckel-Dämpfer ist so konzipiert, dass er komfortabler und müheloser auf den Kofferraum des Audi A3 einwirkt. Der Dämpfer für Kofferraumdeckel ist so konzipiert, dass er den Kofferraumdeckel leicht in beide Richtungen bewegt und offen hält, um das Be- und Entladen oder Arbeiten im Kofferraum zu erleichtern. Wenn sich der Kofferraumdeckel plötzlich öffnet, nicht verriegelt oder nur schwer schließt, ist der Audi A3 8p Kofferraumdämpfer beschädigt. Jetzt ist es an der Zeit, den Audi A3 Kofferraum-Dämpfer im Kofferraum Ihres Adui-Autos auszutauschen.</p>
<p>Die Lebensdauer dieser Teile hängt von den Betriebsbedingungen ab. Wird der Kofferraum längere Zeit nicht genutzt, sollte er langsam und ohne Ziehen geöffnet werden. Andernfalls kann der Federmechanismus beschädigt werden. Wenn es kalt ist, ist es am besten, den Motor warmlaufen zu lassen, bevor man den Kofferraumdeckel öffnet.</p>
<p>Benötigen Sie eine ganz andere Art von Gasfeder? Schreiben Sie uns und wenn möglich senden Sie uns ein Foto des gedruckten Modellnamens per E-Mail!</p>
</div>
<div><strong>Gasdruckfede Anwendung</strong></div>
<div></div>
<div><img loading="lazy" decoding="async" class="alignnone size-medium wp-image-14777" src="https://manufacturer.gastac.com/wp-content/uploads/2023/06/audi-a3-kofferraum-dampfer-443x400.png" alt="" width="443" height="400" srcset="https://manufacturer.gastac.com/wp-content/uploads/2023/06/audi-a3-kofferraum-dampfer-443x400.png 443w, https://manufacturer.gastac.com/wp-content/uploads/2023/06/audi-a3-kofferraum-dampfer-768x693.png 768w, https://manufacturer.gastac.com/wp-content/uploads/2023/06/audi-a3-kofferraum-dampfer-600x541.png 600w, https://manufacturer.gastac.com/wp-content/uploads/2023/06/audi-a3-kofferraum-dampfer.png 858w" sizes="auto, (max-width: 443px) 100vw, 443px" /><img loading="lazy" decoding="async" class="alignnone size-medium wp-image-14557" src="https://manufacturer.gastac.com/wp-content/uploads/2023/06/gasdruckfeder-g4-12-140-400x400.jpg" alt="" width="400" height="400" srcset="https://manufacturer.gastac.com/wp-content/uploads/2023/06/gasdruckfeder-g4-12-140-400x400.jpg 400w, https://manufacturer.gastac.com/wp-content/uploads/2023/06/gasdruckfeder-g4-12-140-800x800.jpg 800w, https://manufacturer.gastac.com/wp-content/uploads/2023/06/gasdruckfeder-g4-12-140-280x280.jpg 280w, https://manufacturer.gastac.com/wp-content/uploads/2023/06/gasdruckfeder-g4-12-140-768x768.jpg 768w, https://manufacturer.gastac.com/wp-content/uploads/2023/06/gasdruckfeder-g4-12-140-300x300.jpg 300w, https://manufacturer.gastac.com/wp-content/uploads/2023/06/gasdruckfeder-g4-12-140-600x600.jpg 600w, https://manufacturer.gastac.com/wp-content/uploads/2023/06/gasdruckfeder-g4-12-140-100x100.jpg 100w, https://manufacturer.gastac.com/wp-content/uploads/2023/06/gasdruckfeder-g4-12-140.jpg 1000w" sizes="auto, (max-width: 400px) 100vw, 400px" /></div>
<div></div>
<div></div>
<p>&nbsp;</p>
<p>&nbsp;</p>
<p>&nbsp;</p>
<p style="text-align: center;">

<p>Kofferraumdeckel Dämpfer Der Kofferraumdeckel-Dämpfer ist so konzipiert, dass er komfortabler und müheloser auf den Kofferraum des Audi A3 einwirkt. Der Dämpfer für Kofferraumdeckel ist so konzipiert, dass er den Kofferraumdeckel leicht in beide Richtungen bewegt und offen hält, um das Be- und Entladen oder Arbeiten im Kofferraum zu erleichtern. Wenn sich der Kofferraumdeckel plötzlich öffnet, [&#8230;]
